{"id":72,"date":"2018-11-13T17:16:09","date_gmt":"2018-11-13T16:16:09","guid":{"rendered":"https:\/\/knsaudio.pl\/?page_id=72"},"modified":"2022-03-10T12:22:57","modified_gmt":"2022-03-10T11:22:57","slug":"instalacje-av","status":"publish","type":"page","link":"https:\/\/knsaudio.pl\/?page_id=72","title":{"rendered":"Instalacje AV"},"content":{"rendered":"<p><img loading=\"lazy\" decoding=\"async\" class=\"alignleft size-full wp-image-79\" src=\"https:\/\/knsaudio.pl\/wp-content\/uploads\/2018\/11\/12919792_971068076261735_7475018260761244922_n.jpg\" alt=\"\" width=\"960\" height=\"540\" srcset=\"https:\/\/knsaudio.pl\/wp-content\/uploads\/2018\/11\/12919792_971068076261735_7475018260761244922_n.jpg 960w, https:\/\/knsaudio.pl\/wp-content\/uploads\/2018\/11\/12919792_971068076261735_7475018260761244922_n-300x169.jpg 300w, https:\/\/knsaudio.pl\/wp-content\/uploads\/2018\/11\/12919792_971068076261735_7475018260761244922_n-768x432.jpg 768w\" sizes=\"auto, (max-width: 767px) 89vw, (max-width: 1000px) 54vw, (max-width: 1071px) 543px, 580px\" \/><\/p>\n<p>\u00a0<\/p>\n<p>Nasza oferta obejmuje nast\u0119puj\u0105ce warianty:<\/p>\n<p>1. Praca przy obecnym systemie:<br \/>&#8211; weryfikacja oraz ewentualna modyfikacja po\u0142\u0105cze\u0144 kablowych (trasy pr\u0105dowe, sygna\u0142owe oraz g\u0142o\u015bnikowe),<br \/>&#8211; weryfikacja pokrycia nag\u0142a\u015bnianego obszaru oraz ewentualna modyfikacja umiejscowienia poszczeg\u00f3lnych zestaw\u00f3w g\u0142o\u015bnikowych,<br \/>&#8211; konfiguracja parametr\u00f3w systemu z poziomu procesora g\u0142o\u015bnikowego oraz wzmacniaczy mocy za pomoc\u0105 systemu pomiarowego,<br \/>&#8211; wykonanie dokumentacji wykonawczej po realizacji zadania.<\/p>\n<p>2. Projekt nowego systemu:<br \/>&#8211; wykonanie dokumentacji wykonawczej,<br \/>&#8211; symulacje audio,<br \/>&#8211; rysunki (schematy, rzuty oraz przekroje tras kablowych),<br \/>&#8211; instalacja,<br \/>&#8211; szkolenie klienta w zakresie obs\u0142ugi,<br \/>&#8211; wykonanie dokumentacji powykonawczej.<\/p>\n<p>3. Konsultacje w zakresie rozszerzenia parametr\u00f3w obecnego systemu AV.<\/p>\n<p>4. Umowa serwisowa:<br \/>Po wykonaniu przez nas jednej z us\u0142ug istnieje mo\u017cliwo\u015b\u0107 podpisania d\u0142ugoterminowej umowy serwisowej realizowanej w trybie miesi\u0119cznym lub kwartalnym.<\/p>\n<p>5. Umowa gwarancyjna:<br \/>Po wykonaniu przez nas jednej z us\u0142ug istnieje mo\u017cliwo\u015b\u0107 podpisania d\u0142ugoterminowej umowy gwarancyjnej na wykonane prace oraz sprz\u0119t.<\/p>\n\n\n<figure class=\"wp-block-gallery has-nested-images columns-default is-cropped wp-block-gallery-1 is-layout-flex wp-block-gallery-is-layout-flex\">\n<figure class=\"wp-block-image size-large\"><img loading=\"lazy\" decoding=\"async\" width=\"960\" height=\"720\" data-id=\"87\" src=\"https:\/\/knsaudio.pl\/wp-content\/uploads\/2018\/11\/26991864_1549023178466219_8931028722999910400_n.jpg\" alt=\"\" class=\"wp-image-87\" srcset=\"https:\/\/knsaudio.pl\/wp-content\/uploads\/2018\/11\/26991864_1549023178466219_8931028722999910400_n.jpg 960w, https:\/\/knsaudio.pl\/wp-content\/uploads\/2018\/11\/26991864_1549023178466219_8931028722999910400_n-300x225.jpg 300w, https:\/\/knsaudio.pl\/wp-content\/uploads\/2018\/11\/26991864_1549023178466219_8931028722999910400_n-768x576.jpg 768w\" sizes=\"auto, (max-width: 767px) 89vw, (max-width: 1000px) 54vw, (max-width: 1071px) 543px, 580px\" \/><\/figure>\n\n\n\n<figure class=\"wp-block-image size-large\"><img loading=\"lazy\" decoding=\"async\" width=\"960\" height=\"720\" data-id=\"86\" src=\"https:\/\/knsaudio.pl\/wp-content\/uploads\/2018\/11\/26734174_1549023351799535_2059978584088750617_n.jpg\" alt=\"\" class=\"wp-image-86\" srcset=\"https:\/\/knsaudio.pl\/wp-content\/uploads\/2018\/11\/26734174_1549023351799535_2059978584088750617_n.jpg 960w, https:\/\/knsaudio.pl\/wp-content\/uploads\/2018\/11\/26734174_1549023351799535_2059978584088750617_n-300x225.jpg 300w, https:\/\/knsaudio.pl\/wp-content\/uploads\/2018\/11\/26734174_1549023351799535_2059978584088750617_n-768x576.jpg 768w\" sizes=\"auto, (max-width: 767px) 89vw, (max-width: 1000px) 54vw, (max-width: 1071px) 543px, 580px\" \/><\/figure>\n\n\n\n<figure class=\"wp-block-image size-large\"><img loading=\"lazy\" decoding=\"async\" width=\"960\" height=\"720\" data-id=\"85\" src=\"https:\/\/knsaudio.pl\/wp-content\/uploads\/2018\/11\/26814722_1549023345132869_1427399938759930877_n.jpg\" alt=\"\" class=\"wp-image-85\" srcset=\"https:\/\/knsaudio.pl\/wp-content\/uploads\/2018\/11\/26814722_1549023345132869_1427399938759930877_n.jpg 960w, https:\/\/knsaudio.pl\/wp-content\/uploads\/2018\/11\/26814722_1549023345132869_1427399938759930877_n-300x225.jpg 300w, https:\/\/knsaudio.pl\/wp-content\/uploads\/2018\/11\/26814722_1549023345132869_1427399938759930877_n-768x576.jpg 768w\" sizes=\"auto, (max-width: 767px) 89vw, (max-width: 1000px) 54vw, (max-width: 1071px) 543px, 580px\" \/><\/figure>\n\n\n\n<figure class=\"wp-block-image size-large\"><img loading=\"lazy\" decoding=\"async\" width=\"720\" height=\"960\" data-id=\"84\" src=\"https:\/\/knsaudio.pl\/wp-content\/uploads\/2018\/11\/26731517_1549023181799552_8041214941214279703_n.jpg\" alt=\"\" class=\"wp-image-84\" srcset=\"https:\/\/knsaudio.pl\/wp-content\/uploads\/2018\/11\/26731517_1549023181799552_8041214941214279703_n.jpg 720w, https:\/\/knsaudio.pl\/wp-content\/uploads\/2018\/11\/26731517_1549023181799552_8041214941214279703_n-225x300.jpg 225w\" sizes=\"auto, (max-width: 720px) 100vw, 720px\" \/><\/figure>\n\n\n\n<figure class=\"wp-block-image size-large\"><img loading=\"lazy\" decoding=\"async\" width=\"960\" height=\"720\" data-id=\"82\" src=\"https:\/\/knsaudio.pl\/wp-content\/uploads\/2018\/11\/17156119_1246263288742211_5924874765504159056_n.jpg\" alt=\"\" class=\"wp-image-82\" srcset=\"https:\/\/knsaudio.pl\/wp-content\/uploads\/2018\/11\/17156119_1246263288742211_5924874765504159056_n.jpg 960w, https:\/\/knsaudio.pl\/wp-content\/uploads\/2018\/11\/17156119_1246263288742211_5924874765504159056_n-300x225.jpg 300w, https:\/\/knsaudio.pl\/wp-content\/uploads\/2018\/11\/17156119_1246263288742211_5924874765504159056_n-768x576.jpg 768w\" sizes=\"auto, (max-width: 767px) 89vw, (max-width: 1000px) 54vw, (max-width: 1071px) 543px, 580px\" \/><\/figure>\n\n\n\n<figure class=\"wp-block-image size-large\"><img loading=\"lazy\" decoding=\"async\" width=\"960\" height=\"720\" data-id=\"83\" src=\"https:\/\/knsaudio.pl\/wp-content\/uploads\/2018\/11\/17191293_1246263205408886_992637513377792883_n.jpg\" alt=\"\" class=\"wp-image-83\" srcset=\"https:\/\/knsaudio.pl\/wp-content\/uploads\/2018\/11\/17191293_1246263205408886_992637513377792883_n.jpg 960w, https:\/\/knsaudio.pl\/wp-content\/uploads\/2018\/11\/17191293_1246263205408886_992637513377792883_n-300x225.jpg 300w, https:\/\/knsaudio.pl\/wp-content\/uploads\/2018\/11\/17191293_1246263205408886_992637513377792883_n-768x576.jpg 768w\" sizes=\"auto, (max-width: 767px) 89vw, (max-width: 1000px) 54vw, (max-width: 1071px) 543px, 580px\" \/><\/figure>\n\n\n\n<figure class=\"wp-block-image size-large\"><img loading=\"lazy\" decoding=\"async\" width=\"960\" height=\"720\" data-id=\"81\" src=\"https:\/\/knsaudio.pl\/wp-content\/uploads\/2018\/11\/17155728_1246263318742208_2714801527862238776_n.jpg\" alt=\"\" class=\"wp-image-81\" srcset=\"https:\/\/knsaudio.pl\/wp-content\/uploads\/2018\/11\/17155728_1246263318742208_2714801527862238776_n.jpg 960w, https:\/\/knsaudio.pl\/wp-content\/uploads\/2018\/11\/17155728_1246263318742208_2714801527862238776_n-300x225.jpg 300w, https:\/\/knsaudio.pl\/wp-content\/uploads\/2018\/11\/17155728_1246263318742208_2714801527862238776_n-768x576.jpg 768w\" sizes=\"auto, (max-width: 767px) 89vw, (max-width: 1000px) 54vw, (max-width: 1071px) 543px, 580px\" \/><\/figure>\n\n\n\n<figure class=\"wp-block-image size-large\"><img loading=\"lazy\" decoding=\"async\" width=\"960\" height=\"720\" data-id=\"80\" src=\"https:\/\/knsaudio.pl\/wp-content\/uploads\/2018\/11\/17098202_1246263172075556_8445070523227743468_n.jpg\" alt=\"\" class=\"wp-image-80\" srcset=\"https:\/\/knsaudio.pl\/wp-content\/uploads\/2018\/11\/17098202_1246263172075556_8445070523227743468_n.jpg 960w, https:\/\/knsaudio.pl\/wp-content\/uploads\/2018\/11\/17098202_1246263172075556_8445070523227743468_n-300x225.jpg 300w, https:\/\/knsaudio.pl\/wp-content\/uploads\/2018\/11\/17098202_1246263172075556_8445070523227743468_n-768x576.jpg 768w\" sizes=\"auto, (max-width: 767px) 89vw, (max-width: 1000px) 54vw, (max-width: 1071px) 543px, 580px\" \/><\/figure>\n<\/figure>\n","protected":false},"excerpt":{"rendered":"<p>\u00a0 Nasza oferta obejmuje nast\u0119puj\u0105ce warianty: 1. Praca przy obecnym systemie:&#8211; weryfikacja oraz ewentualna modyfikacja po\u0142\u0105cze\u0144 kablowych (trasy pr\u0105dowe, sygna\u0142owe oraz g\u0142o\u015bnikowe),&#8211; weryfikacja pokrycia nag\u0142a\u015bnianego obszaru oraz ewentualna modyfikacja umiejscowienia poszczeg\u00f3lnych zestaw\u00f3w g\u0142o\u015bnikowych,&#8211; konfiguracja parametr\u00f3w systemu z poziomu procesora g\u0142o\u015bnikowego oraz wzmacniaczy mocy za pomoc\u0105 systemu pomiarowego,&#8211; wykonanie dokumentacji wykonawczej po realizacji zadania. 2. Projekt &hellip; <\/p>\n<p class=\"link-more\"><a href=\"https:\/\/knsaudio.pl\/?page_id=72\" class=\"more-link\">Czytaj dalej<span class=\"screen-reader-text\"> \u201eInstalacje AV\u201d<\/span><\/a><\/p>\n","protected":false},"author":1,"featured_media":0,"parent":0,"menu_order":0,"comment_status":"closed","ping_status":"closed","template":"","meta":{"_sitemap_exclude":false,"_sitemap_priority":"","_sitemap_frequency":"","footnotes":""},"class_list":["post-72","page","type-page","status-publish","hentry"],"_links":{"self":[{"href":"https:\/\/knsaudio.pl\/index.php?rest_route=\/wp\/v2\/pages\/72","targetHints":{"allow":["GET"]}}],"collection":[{"href":"https:\/\/knsaudio.pl\/index.php?rest_route=\/wp\/v2\/pages"}],"about":[{"href":"https:\/\/knsaudio.pl\/index.php?rest_route=\/wp\/v2\/types\/page"}],"author":[{"embeddable":true,"href":"https:\/\/knsaudio.pl\/index.php?rest_route=\/wp\/v2\/users\/1"}],"replies":[{"embeddable":true,"href":"https:\/\/knsaudio.pl\/index.php?rest_route=%2Fwp%2Fv2%2Fcomments&post=72"}],"version-history":[{"count":17,"href":"https:\/\/knsaudio.pl\/index.php?rest_route=\/wp\/v2\/pages\/72\/revisions"}],"predecessor-version":[{"id":146,"href":"https:\/\/knsaudio.pl\/index.php?rest_route=\/wp\/v2\/pages\/72\/revisions\/146"}],"wp:attachment":[{"href":"https:\/\/knsaudio.pl\/index.php?rest_route=%2Fwp%2Fv2%2Fmedia&parent=72"}],"curies":[{"name":"wp","href":"https:\/\/api.w.org\/{rel}","templated":true}]}}